)).
15
Calculate (-209 - -55 - -36) + 47.
-71
What is the value of (-115 - (-140 + 23)) + (-2 - (2 - -90))?
-92
Calculate 6 + (7 - 21) - (15 + 0 - -4).
-27
4 + 67 + -61 + (-4 - -4)
10
What is 3 + 24 + -15 + (11 - (20 + (-5 - -1)))?
7
What is the value of 1 - -41 - ((-44 - -14) + 10)?
62
What is the value of (4 + -5 - (42 - 9 - 21)) + 42?
29
Evaluate -22 + 13 + (-18 - (-32 - -2)).
3
Calculate (-18 - (18 + -90)) + -68 + 47.
33
Calculate 65 - (-92 + 28 + 91).
38
31 - ((7 - 37) + -2)
63
Evaluate 48 - (52 - (-69 - -114)).
41
What is 9 + -8 + (26 - 3) + -5 + -24?
-5
What is (37 - 19) + -56 + 48?
10
What is (1 - 23) + -808 + 849 + -24 + 2 + -7?
-10
Calculate 20 + -26 + (84 - (8 + -3 + -18)).
91
What is the value of 49 + -47 + -6 + (2 - -23)?
21
Calculate 29 + 5 + -30 - (-34 + -1).
39
Evaluate 69 - -2 - (-6 - -49).
28
What is the value of 4 + -29 + (47 - 63)?
-41
Evaluate 74 + 3 - (588 + -597).
86
(-164 - -203) + -4 + 12 + 1
48
What is the value of -2 + -7 - ((-56 - -14 - 0) + 9)?
24
What is the value of -130 - (-136 + -80) - 201?
-115
(-2 + 87 - (34 + -12 - 45)) + 15
123
27 - ((-68 - -88) + 62)
-55
What is the value of (-26 - 29) + -11 - (-21 + -3)?
-42
Evaluate 17 + (9 - 3 - -1) + -30 + 14.
8
Evaluate 58 + -3 - (-11 - -7 - -7).
52
Evaluate -7 - (14 + -4) - (-6 - 140).
129
Calculate 1 + 1 + -2 - 3 - (-192 - (-335 - -137)).
-9
10 - -5 - 4 - (14 - 9 - -10) - -47
43
What is the value of -36 + 64 + (150 - 116) + (-20 - -2)?
44
-36 + 1 + (-42 - (-26 - 23))
-28
What is the value of -9 + 18 + -10 - -4 - ((2 - 14) + -4)?
19
(-104 - -10) + 5 + (-30 - -45 - 5)
-79
What is 600 - 504 - (0 - -58)?
38
What is 36 - (60 - (-52 + 74))?
-2
(-13 - (1 - 0)) + 9 + 2 + -17
-20
Evaluate 2390 + -2407 - (27 - -1).
-45
What is the value of -24 + -55 + 60 + 1 + (-17 - -4)?
-31
Evaluate -11 + 12 + (13 - 2) - (0 - -70 - 10).
-48
What is the value of -19 - (-10 - (5 - 85)) - -17?
-72
-34 + -10 + 16 + -4 + -10
-42
What is the value of -40 + 112 + -66 + -63?
-57
What is -8 - 18 - ((-4 + -3 - -8) + 2)?
-29
What is (1 - -14 - (-227 - -245)) + (-4 - 0)?
-7
Calculate 4 - (16 - (-10 - 17)).
-39
Evaluate 109 - (16 - (15 + 7 + -19) - 0 - 6).
102
What is 17 - ((-19 - -128) + -71)?
-21
-15 - -3 - (-9 + (8 - (7 - -21)))
17
What is 1985 - 1886 - (2 - -55)?
42
What is the value of 9 + (12 - (-1 - 6 - (-238 - -226)))?
16
Calculate -52 + -11 + 73 - (-59 - (2 + 1)).
72
What is 4197 + -4140 + (0 - 52)?
5
Evaluate 0 - (-1 - -1) - (-70 - 3 - -44).
29
1038 + -1090 + -3 + (10 - (0 + -2))
-43
-9 + 23 + (15 - (26 - 14)) + -15
2
Evaluate 43 - (36 + 93 - 59).
-27
Evaluate 8 + 7 + (-39 - 0) + (367 - 360).
-17
What is -26 + 5 - -8 - (35 - 13 - -14)?
-49
(8 + (-20 - -18) - 9) + (11 - 9)
-1
Calculate (26 - 2) + (-16 - (34 - 43)) - 11.
6
Evaluate 4 - -1 - (-106 - -9 - -11 - -16 - -9).
66
Evaluate (-45 - -19) + -22 + 16 + 9.
-23
What is the value of (160 + -62 - 61) + (-13 - -1)?
25
Evaluate 6 - -12 - (5 + (13 - -37)).
-37
Calculate 5 + (10 - 3) + -11 + 60 + -9.
52
Calculate 4 + (-1 - -27) + -75 + 4.
-41
What is the value of -10 - (12 + 5 + -54 + 1 + -21)?
47
Calculate 17 - ((-12 - (-7 - 9) - 13) + 6).
20
38 - -4 - (-2 + -2) - 31
15
Calculate 0 + 14 + 1 + -887 + 886.
14
What is -5 + -3 + -2 + -7 - (-180 - -130)?
33
Evaluate (-28 + -4 - (-148 - -153)) + 8.
-29
Calculate (-10 - (-27 + 18 + -12)) + -1 + -2.
8
What is 1 + 6 + (0 - 1 - (28 + 2 - 50))?
26
-48 + (-70 - -23) + 35
-60
What is -44 + 11 - (137 + -186)?
16
Calculate 118 - 57 - 16 - 64.
-19
What is (6 - (14 + (2 + 1 + -4 - 11))) + -28?
-24
Calculate -11 - (5 - (67 + (62 - 38))).
75
What is 684 + -686 + (3 - 75)?
-74
What is (98 - (13 + 58)) + 23 + (-1 - -1) + 6?
56
What is the value of 8 + (1 + -6 - (-20 + 25) - -31)?
29
-16 - -27 - 23 - (8 + (-1 - -9))
-28
Calculate -87 + (17 - (60 + -42)).
-88
Calculate 29 + (11 - (-3 + 22) - -6) - -4.
31
Calculate 2 + 2 + 15 + (-17 - (39 + -23)).
-14
What is (7 - -21) + (100 - -39 - 93)?
74
Calculate (1604 - 1633) + 40 + 3.
14
Calculate (-347 - -348) + (40 - (1 - 1)).
41
Calculate 83 - -1 - 2 - (-188 + -21 + 223).
68
What is -63 - (-127 + -99 + 120)?
43
Calculate (302 - 317 - (-1 - 12) - -17) + 0 + 1.
16
-23 + (-6 - -21 - -21) + -6
7
What is the value of -676 + 699 + 1 + -3 + -10 - (59 + 2)?
-50
What is the value of 63 + -66 + (61 - 28)?
30
21 - 25 - (-54 + 170)
-120
13 - (50 - (37 - 50))
-50
(4 - 12) + (-16 - -23) + (-7 - 3)
-11
What is -10 - (-62 + 3 + (1 - 14) + 0 + 7)?
55
(1 - -13) + (-544 + 505 - (3 + 4))
-32
Calculate (-3 - -112) + (-13 - 33) + 18.
81
Calculate -53 + -1 + 25 + -36.
-65
Evaluate 24 + -3 + -17 + (43 + 20 - 44).
23
-12 + -2 + -344 + 345 - 13
-26
(-1060 + 1059 - (2 - (21 + 0 + -2))) + -105
-89
What is the value of -2 - (4 - (-41 + 79))?
32
-810 + 829 - (8 + 2) - 25
-16
(-4154 - -4080) + -8 + -1
-83
Calculate -3 + 140 + (-4 - -9) - (-25 - -26 - -9).
132
What is the value of -159 + 131 + 84 + 1 + -4?
53
Calculate -14 + -3 + 14 + 4 + 0 + -16.
-15
Evaluate (12 - (-19 + 14 - -8)) + -58.
-49
-58 + (-59 - (49 + -86))
-80
Evaluate (-166 + 105 - (1 - 11 - -7 - 2)) + -9.
-65
Calculate -61 + 65 + 14 - 36.
-18
(-18 - 1) + (56 - 52 - (-3 + -16))
4
Calculate (-18 - 0) + 4 + (-5 - 16 - -30) + 81.
76
What is the value of (49 - 165) + 71 - (-88 - 8)?
51
79 - (-20 + (-15 - (-5 - 20 - -4)))
93
(-198 - -198 - ((4 - 1) + 1 + -3)) + -22
-23
Evaluate 30 + -24 + (-11 - -10 - -29 - 9).
25
What is (17 - (-8 + 13)) + 172 + -188?
-4
Evaluate (-16 + 14 - (-3 - (0 - 4))) + -38 + 24.
-17
What is the value of (-212 - -210 - (-3 + 1)) + 9 + -6 + 39?
42
Calculate (-4 - (25 + 3)) + -16 + (-1 - -16).
-33
Evaluate -79 + -113 + 135 - -159.
102
Calculate (78 - (66 - -78)) + 4.
-62
Evaluate 15 - (1 - 48 - (14 + -14 + -13)).
49
Evaluate -2 + (16 - 2 - 3) - (156 + -112 - 40).
5
(-82 - -15) + 94 - 115
-88
What is -9 + 92 + -191 + 61?
-47
Evaluate -1 + -2 + -2 - (190 + (-205 - -50)).
-40
What is (16 - (-13 - -52)) + 32?
9
Evaluate (2 - (-6 - -7)) + -3 + 3 - (3 - 1).
-1
What is (24 - -62 - 85) + (-122 - 0) + (11 - 1)?
-111
What is 14 - (-26 - (-11 + -77 + 32))?
-16
What is -21 + 2 + 1855 + -1870?
-34
What is the value of -4 - (-33 + 72 + 24 + 1 + -7)?
-61
Calculate -85 - -255 - (101 - 29).
98
What is the value of (-6 + -4 - (-19 - -14) - (4 - 5)) + 45?
41
-350 - -326 - (1 - 79)
54
What is (-5 - 3) + (13 + 8 - -27) - (-3 + -6)?
49
Evaluate -63 + -1 - ((25 - 57) + 36 - 12).
-56
What is -1 + 7 - -3 - (-60 - (-97 - -37))?
9
What is the value of 38 + 0 - 73 - (0 + 4 - (-9 + 13))?
-35
Evaluate (-803 - -811) + -2 + 28.
34
What is the value of 81 - 1 - (-2944 + 3011)?
13
Evaluate (8 - 13) + 36 - (-32 - -24).
39
(52 - 7) + (-264 - -153)
-66
Evaluate 196 + -142 - (30 + -39).
63
What is 41 + 73 - 26 - 167?
-79
Calculate 1 + (35 - 2) - (-10987 - -10990).
31
Evaluate -1 + -1 - (-2 - 2) - 0 - (296 - 206).
-88
Calculate 128 + -72 + 99 - 85.
70
Calculate -1 - -28 - (230 + (-78 - 171)).
46
What is the value of (-16 - -6) + 15 - (105 + 15 - 28)?
-87
Evaluate 80 + (27 - 62) + 57.
102
What is (-29 - (-1 + 23 + -85)) + 12?
46
What is -30 + (-40 - -55 - 27)?
-42
Calculate (1422 - 1418) + (-1 - (3 - -6)).
-6
What is the value of -17 - (20 + -9 + (-8 - -4))?
-24
What is -9 + (-5 - -3 - 38) + (-13 + 27 - 1)?
-36
What is the value of -18 - (-6 + 23 + -15 + -1 + -2)?
-17
Evaluate (-18 - (-18 - (-6 - (16 - 10)))) + (-7 - 1).
-20
-4 - (17 + -39 - (2 - 0))
20
What is the value of -1260 + 1301 + -66 + -2?
-27
What is the value of -30 + (26 - 6) + -28 + -11?
-49
Evaluate -21 + (-55 - (-82 + 9)).
-3
What is -32 + (-41 - (-107 - -54))?
-20
Evaluate (24 + -63 + 26 - (-2 - 16)) + -40.
-35
Calculate -92 + -68 + 108 + 83.
31
-31 + 9 + 33 + 20 + -38
-7
What is 76 - 1 - ((27 - (50 - -1)) + (15 - 2))?
86
38 + -36 + -18 + 12 + (9 - -1) + -9
-3
Calculate (-37 - (-47 + 16)) + 24.
18
What is -7 + -4 + -6 + (-7 - (-9 - -15))?
-30
1 + -24 + 3 + 15 + -29 + (13 - -5)
-16
What is -16 - -19 - (-18 + 5 + -1 - -4)?
13
What is the value of 0 - -5 - (-49 - (-11 - 18) - (-2 + 6))?
29
What is the value of (655 - 645) + (55 - 24)?
41
(-26 - (24 + -21)) + -44 + 21
-52
6 - 0 - (-105 - -115) - (72 + -1 + 4)
-79
What is (-33 - -55) + (-203 - -102)?
-79
(98 - (-53 - -116)) + -30 + 3
8
Calculate -32 - -30 - (28 + (-2 - (-1 - (5 + -8)))).
-26
What is the value of -8 + 10 + (-2 - (15 + -6) - -45)?
36
6 - (